 + 3*r = -43493. Suppose -3*x - 2*z + s = 0, -4*x = -z - 5048 - 23919. Is x composite?
False
Let x = -61 - -31. Let j be x/(-75) + 10183/5. Suppose 5*v = 4*m + j, -816 = -0*v - 2*v + m. Is v a prime number?
True
Let m = 276 + -279. Is (-7 - m)*(-6308)/16 a prime number?
False
Suppose 536*v = 537*v - 7. Suppose 0*n - 66269 = -v*n. Is n prime?
True
Let b(l) = 4*l**2 + 9*l + 4. Let q be b(-4). Let u = q + -32. Suppose 17*x - 21*x + 3572 = u. Is x a composite number?
True
Let c be 52*((-63)/4)/(-21). Let r(j) = -j**3 - 6*j**2 - 6*j + 1. Let f be r(-5). Suppose -c = -f*i + 1395. Is i composite?
False
Let r = 254 + -100. Suppose 33 = a - 4*g, 5*a + g - 22 = 164. Let d = r + a. Is d prime?
True
Suppose n + 12 = -3*o - 0, -n = 0. Let u(s) = 16*s**2 - s + 7. Is u(o) prime?
False
Let x = 196351 + -1082. Is x composite?
True
Let i(j) = 2*j - 10. Let x be i(0). Let c be ((-867)/(-85))/((-2)/x). Suppose -c*q + 55*q = 76. Is q composite?
False
Is -16 + (14 - (-112741 + -18)) a composite number?
False
Let f = 19782 - 7825. Is f a prime number?
False
Let x(q) = q**3 + 6*q**2 + 42*q - 1978. Is x(41) composite?
True
Let w(i) be the first derivative of -i**3/3 + i**2/2 + 30*i - 6. Let h be w(6). Suppose 4*r - 2788 = -h*f - 5*f, -3*f = 0. Is r a composite number?
True
Suppose 3259*u = 3248*u + 2553947. Is u composite?
True
Suppose -4*a = -5*y + 10242, -7*a + y = -4*a + 7676. Suppose -2*m - 853 - 977 = 0. Let d = m - a. Is d a composite number?
True
Suppose -5*t - 1111103 = -2*i, -2*i - t = -0*t - 1111121. Is i prime?
False
Let m(c) = 64*c**3 + 15*c**2 - 102*c + 26. Let h(d) = -20*d**3 - 5*d**2 + 34*d - 9. Let j(p) = 11*h(p) + 4*m(p). Is j(8) a prime number?
False
Let f(j) = 57*j**3 - 2*j**2 - 4*j - 10. Let c = 266 + -263. Is f(c) composite?
False
Let g(m) = -3*m - 14. Let t be g(-6). Suppose 2*b - 42 = d, 6*b - 5*d - 58 = t*b. Suppose 20*i - b*i = 3943. Is i a composite number?
False
Let u(i) = i**3 + i**2 + 19*i + 48973. Is u(0) a prime number?
True
Let n be -3*(-28)/(-24)*-2. Suppose n*h + 12 = 4*h. Is (542 + -1)/((1 - h) + -4) a composite number?
False
Let q(y) = 157*y**3 - 9*y**2 + 134*y + 17. Is q(8) a composite number?
False
Let x = -29 + 39. Let t = -8 + x. Suppose 0 = -t*v + 3*i + 289, 377 = 5*v - 2*i - 362. Is v prime?
True
Suppose 3*a + 0*a - 410 = 4*x, a = -5*x - 522. Let m be ((x/12)/(-1))/(4/690). Suppose 0 = 3*r - m - 3296. Is r prime?
True
Suppose 19*u - 365639 = 22094. Is u prime?
True
Let n(k) = 123*k - 124*k - 514 + 3093. Is n(0) composite?
False
Suppose 3*m - 25 = -2*m. Let u(j) = -j**3 + 8*j**2 + 54*j - 70. Let y be u(12). Suppose -s = m*p - 474, y*s = s - 1. Is p a composite number?
True
Suppose 0 = 5*u - 15, s + s = -5*u + 65463. Is ((-1)/2)/(-1 + s/32728) a composite number?
False
Let l(z) = 1302*z + 1681. Is l(118) prime?
True
Suppose -6*n = -1064 - 106. Let i be n/(-4)*-2*6. Suppose -5*x + 160 = -i. Is x composite?
False
Let y = 137 - 75. Let p be -3 + -3 + 4 + 2. Suppose p = 4*m - 70 - y. Is m a composite number?
True
Let r be -3 + -129*((-116)/12 + -2). Let q = r + 2217. Is q prime?
True
Suppose -905*a + 540174 = -903*a - 2*v, 0 = -5*a - 4*v + 1350471. Is a composite?
True
Let f be (-14)/((5 + 0)/10). Let x(d) = -d**3 - 27*d**2 + 29*d + 27. Let s be x(f). Let y(n) = -2602*n**3 + 1. Is y(s) composite?
True
Suppose -5*w + 299900 = -o, 22093 + 157865 = 3*w + 3*o. Is w composite?
False
Let n(d) = 11*d**3 + d**2 - 34*d + 69. Let r be n(4). Let u = 776 + -544. Suppose u + r = 5*s. Is s composite?
True
Let d = -79022 + 123655. Is d prime?
True
Let t(n) = n - 4. Let h be t(0). Is ((-11721)/6)/((-2)/h)*-1 composite?
False
Let f(p) = 13*p**2 + 14*p - 41. Let j(d) = -d**2 - 7*d - 6. Let w be j(-5). Is f(w) composite?
False
Suppose -28*h - 47174 = -5*s - 25*h, -4*h = -5*s + 47172. Suppose -2*o + s = 4*v, 10*o = -3*v + 6*o + 7067. Is v a prime number?
False
Let w(g) = 37*g**2 + 4*g - 18. Let n be w(-10). Suppose 1536 + 3638 = -2*c. Let m = c + n. Is m composite?
True
Let q(n) = -29*n**3 - n**2 + 2. Let x be q(1). Let z be (0 + (-10)/(-6))/(x/(-168)). Is (-5)/z - (-5199)/2 prime?
False
Let g be 983 - (1 - (1 + -8)). Let a = g + -680. Is a prime?
False
Let o(r) = -37*r**2 - 8*r - 5. Let a(m) be the second derivative of 37*m**4/12 + 7*m**3/6 + 2*m**2 - 12*m. Let y(z) = 6*a(z) + 5*o(z). Is y(-2) a prime number?
False
Let f be ((-8)/((-64)/210))/((-12)/800). Let u = f - -981. Let t = 1676 + u. Is t prime?
True
Suppose 4*d + 6*j - 22 = 3*j, 0 = -5*d - 4*j + 28. Suppose -d*c + 4166 = -5*x, 0 = 5*x - x + 8. Is c composite?
False
Let p(i) = 15*i + 16. Let f = 36 + -40. Let u(j) = j - 1. Let k(d) = f*u(d) - p(d). Is k(-7) prime?
False
Let k = -414983 - -1011946. Is k prime?
True
Let b(k) = -k**2 + 7*k - 8. Let s(f) = -f**2 + 6*f - 8. Let h(v) = 7*b(v) - 6*s(v). Let z be h(12). Let i = 10 - z. Is i composite?
True
Let k = 1482 - 667. Is 17*(-7)/(-35)*k a prime number?
False
Suppose -5*g + 18388 = -35717. Let s = g + -4400. Is s a composite number?
False
Let g(b) = 2*b**3 - 5*b**2 - 5*b + 29. Suppose -48 = -15*k + 7*k. Is g(k) composite?
False
Let t(m) be the first derivative of m**2/2 - 6*m + 2. Let y be t(6). Suppose 0 = 4*q - y*q - 268. Is q a prime number?
True
Let z = 7738265 - 5526622. Is z composite?
True
Let p be (1284/5)/((-3)/60). Let g be (-21)/4 + ((-950)/(-40))/19. Is p/(-9) - g/12 a prime number?
True
Suppose 319368 = 14*p - 12*p. Let y be ((-1)/2)/((-6)/p). Suppose -y = -8*d + d. Is d a prime number?
True
Let r = 272 - 979. Let l = -400 - r. Is l prime?
True
Suppose 63*f + 1760427 = 4*x + 64*f, -4*f = -x + 440111. Is x composite?
True
Let v(r) = 31*r - 120. Let o be v(4). Suppose 3*k - 4*h - 24537 = 9000, 4*k - o*h = 44716. Is k a composite number?
True
Suppose -2*h - 165382 = -3*n + 339669, 2*n - 336709 = 3*h. Is n a prime number?
True
Let a(v) be the second derivative of 4/3*v**3 + 6*v**2 + 1/12*v**4 + 5*v - 1/10*v**5 + 0. Is a(-7) composite?
False
Let s = 46915 - 33182. Let l = s + 474. Is l a composite number?
False
Suppose -6866*a - 4*n + 8391 = -6865*a, 2*n - 8405 = -a. Is a a composite number?
False
Let y(z) = 12223*z**2 - 6*z + 6. Is y(1) a composite number?
True
Let y(x) = x**2 + 22. Suppose -3*a + 6 = -48. Is y(a) prime?
False
Let x be (1108/6*-1)/((-1)/357). Suppose 10*m - 3*m = -x. Let y = m + 13491. Is y a composite number?
False
Suppose 4*t - 9 = -5*q, -4 - 3 = -2*t - 3*q. Is -8157*(t - 11/(-3)) prime?
True
Let d(b) = -b**3 + 10*b**2 + 46*b + 20. Let v be d(-16). Let s = v + -3401. Is s composite?
False
Let s = 63 + -56. Suppose s*d = 11*d - 112. Suppose -26*r - 502 = -d*r. Is r prime?
True
Is ((-4 - (-48)/10) + (-9)/5)*-77417 a composite number?
False
Let s be (-3)/(-15) - 4828/(-85). Suppose -a + 149 = -3*z - s, z + 960 = 5*a. Is a a composite number?
False
Suppose 0 = 2*g + 2*d + 28, -g + 11 = 2*d + 30. Is 4137 + g/((-27)/(-6)) composite?
True
Let f = -10183 - -36089. Is f a prime number?
False
Suppose -2*o + 125 = 3*q, -5*q = -3*o - 76 - 126. Suppose -r - 11 = -3*i, i - 6*i + q = 4*r. Let y(z) = 10*z**3 - 6*z**2 + 10*z + 3. Is y(r) composite?
False
Let o(a) = -55*a - 29. Let q be o(8). Let k = -68 + q. Let i = k - -806. Is i prime?
True
Let d(j) = -j**3 - 15*j**2 - 18*j - 56. Let g be d(-14). Suppose g = 2*n - 125 - 3297. Is n a composite number?
True
Let i(m) = -m**3 + 1. Let t be i(1). Suppose 18*a - 25*a + 462 = t. Is 1/(2/537)*44/a a prime number?
True
Suppose -3*t - 758817 = -3*w + 222132, 2*w = -3*t + 653996. Is w a composite number?
True
Let v = -392 - -12523. Is v composite?
True
Let w(b) = 42504*b - 1795. Is w(21) a prime number?
True
Is -158*(-1 - -2)*(-10 - 4635/10) prime?
False
Is 22313 - -27*(-16)/72 a prime number?
True
Suppose 66*p - 4*o + 2735360 = 70*p, -4*p = -3*o - 2735381. Is p composite?
False
Let m(i) = -i**3 - 8*i**2 + 6*i + 21. Let k(r) be the third derivative of -r**5/60 + r**4/6 - 5*r**3/6 + 16*r**2. Let h be k(5). Is m(h) prime?
False
Let v = -4623971 + 7622344. Is v composite?
True
Let y(c) = -c**2 - 17*c - 54. Let g be y(-13). Is ((-132)/(-165))/(g/(-16355)) prime?
False
Let y(f) = f**3 - 4*f**2 - 4*f + 68. Is y(27) a composite number?
True
Suppose 39*s = 8*s + 2859719. Is s prime?
False
Let w(j) = 2*j**3 - j**2 - 2*j - 2. Let h be w(2). Suppose -h*x = -0*p + 4*p - 3398, 3*x - 4*p = 1687. Is x c